{"id":2863,"date":"2024-01-16T09:36:31","date_gmt":"2024-01-16T09:36:31","guid":{"rendered":"\/tuyen-dung\/?page_id=2863"},"modified":"2024-01-18T01:56:01","modified_gmt":"2024-01-18T01:56:01","slug":"nang-cao-chat-luong-dich-vu-bao-ve","status":"publish","type":"page","link":"https:\/\/canifa.com\/tuyen-dung\/nang-cao-chat-luong-dich-vu-bao-ve\/","title":{"rendered":"N\u00c2NG CAO CH\u1ea4T L\u01af\u1ee2NG D\u1ecaCH V\u1ee4 B\u1ea2O V\u1ec6"},"content":{"rendered":"\n<figure class=\"wp-block-image size-full\"><img fetchpriority=\"high\" decoding=\"async\" width=\"960\" height=\"720\" src=\"https:\/\/canifa.com\/tuyen-dung\/wp-content\/uploads\/2024\/01\/BV1.jpg\" alt=\"\" class=\"wp-image-2864\" srcset=\"https:\/\/canifa.com\/tuyen-dung\/wp-content\/uploads\/2024\/01\/BV1.jpg 960w, https:\/\/canifa.com\/tuyen-dung\/wp-content\/uploads\/2024\/01\/BV1-300x225.jpg 300w, https:\/\/canifa.com\/tuyen-dung\/wp-content\/uploads\/2024\/01\/BV1-768x576.jpg 768w, https:\/\/canifa.com\/tuyen-dung\/wp-content\/uploads\/2024\/01\/BV1-400x300.jpg 400w, https:\/\/canifa.com\/tuyen-dung\/wp-content\/uploads\/2024\/01\/BV1-130x98.jpg 130w\" sizes=\"(max-width: 960px) 100vw, 960px\" \/><\/figure>\n\n\n\n<blockquote class=\"wp-block-quote is-layout-flow wp-block-quote-is-layout-flow\">\n<p>\u0110\u1ed9i ng\u0169 B\u1ea3o v\u1ec7 c\u00f3 vai tr\u00f2 quan tr\u1ecdng trong vi\u1ec7c b\u1ea3o \u0111\u1ea3m duy tr\u00ec tr\u1eadt t\u1ef1 an ninh, an to\u00e0n cho con ng\u01b0\u1eddi c\u0169ng nh\u01b0 t\u00e0i s\u1ea3n c\u1ee7a C\u1eeda h\u00e0ng. H\u1ecd l\u00e0 nh\u1eefng ng\u01b0\u1eddi \u0111\u1ea3m nh\u1eadn nhi\u1ec7m v\u1ee5 gi\u00e1m s\u00e1t v\u00e0 \u0111\u1ec1 ph\u00f2ng c\u00e1c r\u1ee7i ro ti\u1ec1m \u1ea9n, gi\u1eef g\u00ecn h\u00ecnh \u1ea3nh khu v\u1ef1c b\u00ean ngo\u00e0i C\u1eeda h\u00e0ng \u0111\u01b0\u1ee3c giao ph\u1ee5 tr\u00e1ch.<\/p>\n\n\n\n<figure class=\"wp-block-image size-large\"><img decoding=\"async\" width=\"768\" height=\"1024\" src=\"https:\/\/canifa.com\/tuyen-dung\/wp-content\/uploads\/2024\/01\/BV2-768x1024.jpg\" alt=\"\" class=\"wp-image-2865\" srcset=\"https:\/\/canifa.com\/tuyen-dung\/wp-content\/uploads\/2024\/01\/BV2-768x1024.jpg 768w, https:\/\/canifa.com\/tuyen-dung\/wp-content\/uploads\/2024\/01\/BV2-225x300.jpg 225w, https:\/\/canifa.com\/tuyen-dung\/wp-content\/uploads\/2024\/01\/BV2-1152x1536.jpg 1152w, https:\/\/canifa.com\/tuyen-dung\/wp-content\/uploads\/2024\/01\/BV2-1200x1600.jpg 1200w, https:\/\/canifa.com\/tuyen-dung\/wp-content\/uploads\/2024\/01\/BV2-400x533.jpg 400w, https:\/\/canifa.com\/tuyen-dung\/wp-content\/uploads\/2024\/01\/BV2-130x173.jpg 130w, https:\/\/canifa.com\/tuyen-dung\/wp-content\/uploads\/2024\/01\/BV2.jpg 1536w\" sizes=\"(max-width: 768px) 100vw, 768px\" \/><\/figure>\n<\/blockquote>\n\n\n\n<blockquote class=\"wp-block-quote is-layout-flow wp-block-quote-is-layout-flow\">\n<p>Song song v\u1edbi vi\u1ec7c n\u00e2ng cao tr\u1ea3i nghi\u1ec7m Kh\u00e1ch h\u00e0ng khi t\u1edbi CANIFA mua s\u1eafm, th\u00e1ng 11 v\u1eeba qua Ph\u00f2ng \u0110\u00e0o t\u1ea1o \u0111\u00e3 ph\u1ed1i h\u1ee3p c\u00f9ng Kh\u1ed1i V\u1eadn h\u00e0nh t\u1ed5 ch\u1ee9c ch\u01b0\u01a1ng tr\u00ecnh \u0111\u00e0o t\u1ea1o\u00a0<strong>\u201cN\u00e2ng cao ch\u1ea5t l\u01b0\u1ee3ng d\u1ecbch v\u1ee5 B\u1ea3o v\u1ec7\u201d\u00a0<\/strong>cho to\u00e0n b\u1ed9 \u0111\u1ed9i ng\u0169 b\u1ea3o v\u1ec7 Khu v\u1ef1c H\u00e0 N\u1ed9i v\u00e0 c\u00e1c t\u1ec9nh th\u00e0nh trong c\u1ea3 n\u01b0\u1edbc, nh\u1eb1m gi\u00fap c\u00e1c nh\u00e2n vi\u00ean B\u1ea3o v\u1ec7 c\u00f3 t\u01b0 duy d\u1ecbch v\u1ee5, h\u1ed7 tr\u1ee3 v\u00e0 t\u01b0\u01a1ng t\u00e1c t\u1ed1t h\u01a1n v\u1edbi Kh\u00e1ch h\u00e0ng khi \u0111\u1ebfn tr\u1ea3i nghi\u1ec7m mua s\u1eafm t\u1ea1i Canifa.<\/p>\n\n\n\n<p>Ngo\u00e0i ra, \u0111\u00e2y c\u0169ng l\u00e0 bu\u1ed5i t\u1ea1o \u0111\u1ed9ng l\u1ef1c cho c\u00e1c th\u00e0nh vi\u00ean trong \u0111\u1ed9i ng\u0169 b\u1ea3o v\u1ec7 ti\u1ebfp t\u1ee5c l\u00e0m vi\u1ec7c ch\u0103m ch\u1ec9, n\u1ed7 l\u1ef1c h\u01a1n, g\u00f3p ph\u1ea7n x\u00e2y d\u1ef1ng m\u1ed9t m\u00f4i tr\u01b0\u1eddng l\u00e0m vi\u1ec7c t\u00edch c\u1ef1c v\u00e0 g\u1eafn k\u1ebft h\u01a1n.<\/p>\n<\/blockquote>\n\n\n\n<figure class=\"wp-block-image size-large\"><img decoding=\"async\" width=\"1024\" height=\"768\" src=\"https:\/\/canifa.com\/tuyen-dung\/wp-content\/uploads\/2024\/01\/BV5-1024x768.jpg\" alt=\"\" class=\"wp-image-2868\" srcset=\"https:\/\/canifa.com\/tuyen-dung\/wp-content\/uploads\/2024\/01\/BV5-1024x768.jpg 1024w, https:\/\/canifa.com\/tuyen-dung\/wp-content\/uploads\/2024\/01\/BV5-300x225.jpg 300w, https:\/\/canifa.com\/tuyen-dung\/wp-content\/uploads\/2024\/01\/BV5-768x576.jpg 768w, https:\/\/canifa.com\/tuyen-dung\/wp-content\/uploads\/2024\/01\/BV5-1536x1152.jpg 1536w, https:\/\/canifa.com\/tuyen-dung\/wp-content\/uploads\/2024\/01\/BV5-1200x900.jpg 1200w, https:\/\/canifa.com\/tuyen-dung\/wp-content\/uploads\/2024\/01\/BV5-400x300.jpg 400w, https:\/\/canifa.com\/tuyen-dung\/wp-content\/uploads\/2024\/01\/BV5-130x98.jpg 130w, https:\/\/canifa.com\/tuyen-dung\/wp-content\/uploads\/2024\/01\/BV5.jpg 2048w\" sizes=\"(max-width: 1024px) 100vw, 1024px\" \/><\/figure>\n\n\n\n<blockquote class=\"wp-block-quote is-layout-flow wp-block-quote-is-layout-flow\">\n<p>N\u00e2ng cao ch\u1ea5t l\u01b0\u1ee3ng d\u1ecbch v\u1ee5 B\u1ea3o v\u1ec7 l\u00e0 vi\u1ec7c quan tr\u1ecdng g\u00f3p ph\u1ea7n n\u00e2ng cao tr\u1ea3i nghi\u1ec7m c\u1ee7a Kh\u00e1ch h\u00e0ng khi \u0111\u1ebfn mua s\u1eafm, v\u1eady n\u00ean ch\u00fang ta h\u00e3y c\u00f9ng chung tay\u00a0<strong>\u201cN\u00e2ng t\u1ea7m ch\u1ea5t l\u01b0\u1ee3ng d\u1ecbch v\u1ee5 v\u00e0 v\u1ecb th\u1ebf th\u01b0\u01a1ng hi\u1ec7u CANIFA\u201d<\/strong> nh\u00e9.<\/p>\n<\/blockquote>\n","protected":false},"excerpt":{"rendered":"<p>Song song v\u1edbi vi\u1ec7c n\u00e2ng cao tr\u1ea3i nghi\u1ec7m Kh\u00e1ch h\u00e0ng khi t\u1edbi CANIFA mua s\u1eafm, th\u00e1ng 11 v\u1eeba qua Ph\u00f2ng \u0110\u00e0o t\u1ea1o \u0111\u00e3 ph\u1ed1i h\u1ee3p c\u00f9ng Kh\u1ed1i V\u1eadn h\u00e0nh t\u1ed5 ch\u1ee9c ch\u01b0\u01a1ng tr\u00ecnh \u0111\u00e0o t\u1ea1o\u00a0\u201cN\u00e2ng cao ch\u1ea5t l\u01b0\u1ee3ng d\u1ecbch v\u1ee5 B\u1ea3o v\u1ec7\u201d\u00a0cho to\u00e0n b\u1ed9 \u0111\u1ed9i ng\u0169 b\u1ea3o v\u1ec7 Khu v\u1ef1c H\u00e0 N\u1ed9i v\u00e0 c\u00e1c t\u1ec9nh [&hellip;]<\/p>\n","protected":false},"author":3,"featured_media":0,"parent":0,"menu_order":0,"comment_status":"closed","ping_status":"closed","template":"","meta":{"_acf_changed":false,"footnotes":""},"class_list":["post-2863","page","type-page","status-publish","hentry"],"acf":[],"_links":{"self":[{"href":"https:\/\/canifa.com\/tuyen-dung\/wp-json\/wp\/v2\/pages\/2863","targetHints":{"allow":["GET"]}}],"collection":[{"href":"https:\/\/canifa.com\/tuyen-dung\/wp-json\/wp\/v2\/pages"}],"about":[{"href":"https:\/\/canifa.com\/tuyen-dung\/wp-json\/wp\/v2\/types\/page"}],"author":[{"embeddable":true,"href":"https:\/\/canifa.com\/tuyen-dung\/wp-json\/wp\/v2\/users\/3"}],"replies":[{"embeddable":true,"href":"https:\/\/canifa.com\/tuyen-dung\/wp-json\/wp\/v2\/comments?post=2863"}],"version-history":[{"count":3,"href":"https:\/\/canifa.com\/tuyen-dung\/wp-json\/wp\/v2\/pages\/2863\/revisions"}],"predecessor-version":[{"id":2899,"href":"https:\/\/canifa.com\/tuyen-dung\/wp-json\/wp\/v2\/pages\/2863\/revisions\/2899"}],"wp:attachment":[{"href":"https:\/\/canifa.com\/tuyen-dung\/wp-json\/wp\/v2\/media?parent=2863"}],"curies":[{"name":"wp","href":"https:\/\/api.w.org\/{rel}","templated":true}]}}